 u(-6). Let a be t*((-3)/6 + 0). What is the tens digit of 6/(-2) - (a + 5)?
1
Suppose 0 = k - 3 - 0, -c + 2*k - 2 = 0. Suppose 0 = c*q - 10 + 2. Suppose 5*w + q*i = 256, 50 = w + 4*i - 3*i. What is the tens digit of w?
5
Suppose -20*a = -108*a + 190608. What is the units digit of a?
6
Let v(g) = -16*g - 15. Let s(z) be the second derivative of -4*z**3/3 - 4*z**2 - 5*z. Let y(q) = 5*s(q) - 2*v(q). What is the tens digit of y(-5)?
3
Suppose -77*q - 35*q = -281568. What is the tens digit of q?
1
Let m = -58 + 49. What is the tens digit of (m*(-11)/6)/(6/32)?
8
Let p = -9 - -19. Let g = p - 1. What is the units digit of (-6)/g - (-490)/15?
2
What is the tens digit of 30/(-25)*22840/(-24)?
4
Let z = -6 + 8. Let o be -2 + 1 + z + 1. Suppose -o*l - 27 = -5*l. What is the units digit of l?
9
Let a(y) = y**3 + 30*y**2 + 5*y + 39. What is the units digit of a(-29)?
5
Suppose 32*q - 3379 - 20269 = 0. What is the hundreds digit of q?
7
Suppose -3*s + 3 - 6 = 0, 2*s = -m + 2. Suppose m*n - 2*r - 170 = 0, -2*n + 45 + 36 = -5*r. What is the units digit of n?
3
Let a(v) = v**2 + v + 217. Let s be a(0). Let f = s - 146. Suppose f = 8*g - 89. What is the tens digit of g?
2
Suppose -119*g = -115*g + 16, 0 = i - 2*g - 3683. What is the units digit of i?
5
Let n be (-2)/(2 - (0 - -3)). Suppose 0 = -n*h + 8. Let k = h + 10. What is the units digit of k?
4
Suppose -5*u + c + 5 = 6*c, 3*u - 24 = 4*c. Suppose -w + 2 = f, -w + u*f + 2 = 5. Let l = w + 3. What is the units digit of l?
4
Let p = -377 + 3681. What is the hundreds digit of p?
3
Suppose 23 = -a - 5*x - 0*x, 5*x = -3*a - 19. Let r be (-1*a)/(1 - -1). What is the tens digit of -4*(1 + r + -3)?
1
Let s be -7*4/((-16)/4). Let k be -1*3 - (-10 + s). Suppose -u = -3*i - 27, -5*u + 3*i + 250 - 55 = k. What is the tens digit of u?
4
Let k(v) = 3*v**2 + 3*v + 4. Let w be k(-3). Suppose 65*f - i = 62*f + 45, -f = -i - 15. Let x = w + f. What is the tens digit of x?
3
Suppose 7*a = 4*a. Suppose -108 = 3*r - a*r. What is the tens digit of (-2)/((-34)/r - 1)?
3
Suppose 3*i - 5 = 10. Suppose -5*d = -f + i, f + d - 41 = -3*f. What is the tens digit of 1 + 0 + 1 + f?
1
Suppose 16 = 3*s - s. Suppose 4*n - s = -68. What is the tens digit of (-204)/n + (-3)/5?
1
Let s(p) = p**3 + 12*p**2 - 7*p - 10. Let w be s(-13). Let f = -41 - w. What is the units digit of f?
7
Let o(l) = 15*l**2 + 16*l + 35. Let s(b) = -7*b**2 - 8*b - 17. Let r(x) = -2*o(x) - 5*s(x). What is the hundreds digit of r(-5)?
1
Let l = -160 - -267. What is the units digit of l?
7
Let f(y) = -7*y + 51. Let m be f(9). Let w(o) = o + 4. Let j be w(-5). Let s = j - m. What is the tens digit of s?
1
Suppose -v - 647 + 2954 = 0. What is the tens digit of v?
0
Let i(j) be the third derivative of -j**5/60 + j**4/6 - 2*j**3/3 - j**2. Let t be i(4). What is the units digit of 18/t*2/(-3)?
3
Let h be -38 + 2 + 8/4. Let q = h + 53. What is the units digit of q?
9
Let i(j) = 4*j**2 + 6*j - 19. Let z be i(-7). What is the tens digit of z*((-5)/2)/(-5)*2?
3
What is the units digit of (-1)/(4 + 2 + (-8895)/1482)?
4
Let l(f) = 24*f + 10. Let d(b) = 12*b + 5. Let i(u) = -5*d(u) + 2*l(u). Let h(s) = s**3 - 18*s**2 - 13*s - 116. Let p be h(19). What is the tens digit of i(p)?
1
Suppose -4*b + 93 = x - 70, 0 = 3*b + 4*x - 106. Suppose -2*a = -0 + b. Let r = a - -37. What is the units digit of r?
6
Suppose -4*c - c = -3695. What is the units digit of c?
9
Let f(c) = 5*c - 23. Let v be f(7). What is the hundreds digit of 126/v*152/6?
2
Suppose -6 = 2*z, -l - z = -3*z + 249. What is the units digit of (-15)/(l/2) + (-1220)/(-34)?
6
Suppose 5*t - 2*q + 52 = 0, 0 = -t + q + 3 - 14. Let x be 248/(-20) - (-6)/t. Let i(n) = n**2 + 13*n + 19. What is the units digit of i(x)?
9
Suppose 783 = 45*d - 42*d. What is the hundreds digit of d?
2
Let v = -35 + 36. What is the units digit of -3 - (v - 3) - -49?
8
Let z(u) = 1560*u**2 - 6*u - 4. What is the hundreds digit of z(-1)?
5
Suppose -t - g + 16 = 2*t, 0 = -3*g + 12. Suppose 0*h - t*h - 241 = -o, 944 = 4*o + 4*h. What is the tens digit of o?
3
Suppose 51*r = 31*r + 27320. What is the thousands digit of r?
1
Suppose 0 = -2*i - i + 678. What is the tens digit of i?
2
Let s = 19 - 17. Let w be (46/(-5))/(s/(-20)). Suppose -w = -5*h + h. What is the tens digit of h?
2
Suppose -3*u + 2*k = -u - 8, 2*k + 6 = u. Let o be u/3 - (-721)/21. What is the tens digit of o - 0*3/12?
3
Suppose v = -3, 3*s + 7*v - 3*v = 0. Let i be 62/s + (-1)/2. Let n = -12 + i. What is the units digit of n?
3
Let v = 287 + -256. What is the tens digit of v?
3
Suppose 0 = 15*s + 125 - 13130. What is the units digit of s?
7
Let y(j) = -3*j + 13. Let l be y(4). Suppose -7 = -4*g - w, -2*w - w = 2*g - l. Suppose 6*v - 3*m - 63 = g*v, 0 = m + 1. What is the tens digit of v?
1
Let v = -36 + 67. Suppose -65 = -v*b + 30*b. What is the tens digit of b?
6
Suppose b + 5*s = 4968, -b = 6*b - s - 34704. What is the thousands digit of b?
4
Suppose -44*x = -21*x - 28497. What is the units digit of x?
9
Suppose -9*g + 12 = -5*g. Let x(w) = 44*w - 5. What is the hundreds digit of x(g)?
1
Let v(q) = -25*q + 1853. What is the hundreds digit of v(0)?
8
Suppose -s - 5*g = -3*s + 49, -5*s - g + 82 = 0. Let l = s - 16. What is the tens digit of 483/15 - l/5?
3
Let f(o) = 153*o**2 + 53*o + 177. What is the tens digit of f(-4)?
1
Let x(d) = 2*d + 7. Let y(j) = -7*j - 27. Let n(v) = 22*x(v) + 6*y(v). Let l be n(5). Suppose 2*u = -l*u + 24. What is the units digit of u?
6
Suppose 5*g = -2*c + 3920, 4*g + 3*c = 602 + 2527. What is the units digit of g?
6
Let j be (-1 + 0)/(3/27). Let y = -13 - j. What is the units digit of (-10)/(-14) - y/14?
1
Let b = -488 - -493. What is the units digit of b?
5
Let i(d) = 5*d**2 - 13*d - 46. What is the units digit of i(-10)?
4
Let i(g) = -g**3 + g + 43. Let v be i(0). Let k = v - -6. What is the tens digit of k?
4
Let d be -1 + 4 + 4245/5. Let u be d/30 + 4/(-10). Suppose -u - 76 = -4*f. What is the tens digit of f?
2
Suppose 5171 + 7387 = 13*c. What is the hundreds digit of c?
9
Let y = -35 - -17. Let t be (-1090)/6 + y/54. What is the units digit of (-570)/(-13) + (-28)/t?
4
Suppose 3*t - 3647 = 4*v, 0 = -3*t - 0*t - v + 3637. What is the units digit of t?
3
Let n be 1 + ((-248)/(-2))/(-4). Let a = n - -78. What is the units digit of a?
8
Let w(b) = 28*b**3 - 18*b**2 + 60*b - 2. What is the thousands digit of w(4)?
1
Let k be (1 + -4)*33/9. Let i = 9 + k. What is the tens digit of (6 + i)/(-4)*-27?
2
Let w = 181 - -4609. What is the hundreds digit of w?
7
What is the hundreds digit of -51*(-3 + (-232)/24)?
6
Suppose -a = 4*a - 20. Suppose 5 = 5*f, -2*w - 2*f = -a*f - 4. Suppose -3*p = 4*j - 4, -4*p - 6 = -w*j - 3. What is the units digit of j?
1
Let n be 130/30 - (-4)/6. What is the tens digit of ((-1)/4 - n/60)*-327?
0
Let u(r) = -44*r + 166. Let h(d) = 9*d - 33. Let x(p) = 11*h(p) + 2*u(p). What is the units digit of x(8)?
7
Suppose -l - 4*y + 1375 = 0, 0 = 5*l - 3*y - 0*y - 6783. What is the hundreds digit of l?
3
Let u be 2/(-3 + (-44)/(-12)). Suppose u*o - 3 = -3*x, -6 - 8 = -5*o - 2*x. Suppose 4*a - o*i = 48, -4*a - i + 1 = -37. What is the units digit of a?
0
Let h = -24 + -2. Let g = -41 - h. What is the units digit of (-2)/5 - 471/g?
1
Let a = -43 - -303. What is the hundreds digit of a?
2
Suppose 520 = 8*h - 4608. What is the hundreds digit of h?
6
Suppose -2*b + 4*z + 4 = 0, 2*b + 0 - 4 = -5*z. Suppose -13 + 5 = -b*p. What is the units digit of 2/(2/p*4)?
1
What is the tens digit of 291 + ((-60)/(-6))/2?
9
What is the hundreds digit of (-4)/6*1/((-10)/5595)?
3
Suppose -17*j = -75*j + 74646. What is the units digit of j?
7
Let q = -7 - -9. Suppose 5*p = f - 72, -2*p = -5*f + q*p + 297. What is the units digit of f?
7
Suppose -5 = 5*v + 5*p, v - 4*v - 5*p = -7. What is the units digit of ((-81)/v)/(1/2)?
7
Let x(w) = 2*w**2 + 6*w + 1. Let c(p) = 12*p - 30*p - 3*p**2 + 13*p - 2. Let v(y) = 3*c(y) + 4*x(y). What is the units digit of v(6)?
6
Let s(t) = -t**2 - 13*t - 18. Let o be s(-10). Let c = 9 - 14. Let q = c + o. What is the units digit of q?
7
What is the units digit of 8/((-16)/(-382)) + (-6)/2?
8
Suppose -5*j + 2*y = -2786 + 836, -2*j + 801 = -5*y. What is the units digit of j?
8
Let k(d) = -830*d**3 - 3*d**2 - 7*d - 5. What is the hundreds di